-12)/212))/((-1)/4). Calculate the highest common divisor of a and 53.
53
Let r be 14 + -2*1 - -2. Let z = -5 + 16. Suppose 3*m = -3*h + 22 - 7, 3*m = -h + z. What is the greatest common factor of r and h?
2
Let w = -12 + 56. Let v = -5 - -10. Suppose -5*s - v*z + 70 = 0, s - z = -3*z + 17. Calculate the greatest common factor of w and s.
11
Let a be 2*-1 + (210 - 0). Let i = a - 114. Suppose -4*h + i = -82. What is the highest common divisor of h and 11?
11
Let y(h) = -12*h + 18. Let n be y(-3). Calculate the greatest common divisor of n and 9.
9
Let k = 8 - -5. Suppose 271 = 2*u + 5*i, u - 3*i = -7*i + 131. What is the greatest common factor of u and k?
13
Let y(a) = 4*a**3 + a - 2. Let j = -13 - -15. Let g be y(j). Calculate the highest common divisor of g and 80.
16
Let t(y) = 175*y**2 - 3*y - 2. Let v be t(-1). Calculate the highest common factor of v and 22.
22
Let u be (-6)/(-15) - (-72)/(-30). Let a be 1/(u/2)*-10. Calculate the highest common factor of a and 50.
10
Let v = 44 + -24. Let n be (-100)/6*-3 - 0. Calculate the highest common factor of v and n.
10
Suppose 3*b - 4*b = 4*j - 357, 0 = 2*j + 3*b - 191. What is the greatest common factor of 220 and j?
44
Let s be 1 + (5*6 - 0). Calculate the highest common divisor of 279 and s.
31
Suppose 3 + 12 = 5*h. Suppose h*b = 39 + 42. Suppose 0*z = -2*o - 5*z + 43, 4*z = 4*o - 16. Calculate the highest common divisor of b and o.
9
Let y(d) = -d**3 - 3*d**2 + 4*d + 6. Let v be y(-4). Let l = 23 + -4. Suppose -5*o + a = -14, 5*a + l = -o + 1. What is the greatest common factor of o and v?
2
Let m = -15 + 15. Suppose -2*j + 6*j - 88 = m. What is the greatest common divisor of j and 55?
11
Let k = -116 - -128. Calculate the greatest common factor of 6 and k.
6
Suppose 0 = -3*x + 95 - 5. Suppose 0*w + x = -w. Let u be 452/5 - (-12)/w. What is the highest common divisor of 10 and u?
10
Let h(c) = -138*c - 4. Let f be h(-3). Suppose -x + 2*l = -f, 5*x + l = -0*x + 2006. Let d be 1/(-5) + x/10. What is the greatest common divisor of d and 5?
5
Let c = -12 - -22. Let z be (-4)/c + 576/40. Calculate the highest common divisor of 154 and z.
14
Let g = 40 - 21. Suppose 0 = 17*r - 15*r - 5*s - 190, 0 = 3*s. Calculate the highest common factor of r and g.
19
Suppose -3*t + 212 = -v, t + 2*v + 18 - 98 = 0. Let j be 26 + (2 - 1/1). Let k be (-1)/(-1)*j/3. What is the greatest common divisor of k and t?
9
Suppose -3*o = -9 + 30. Let d(l) be the first derivative of -l**2/2 + 2. Let m be d(o). What is the highest common factor of m and 35?
7
Let p = 2 + 3. Suppose -p*f - 7 = 3. Let u be 2/(1/((-9)/f)). Calculate the highest common divisor of 27 and u.
9
Suppose -3 + 27 = 4*t. Calculate the greatest common divisor of t and 30.
6
Let q(k) = k + 5. Let r be q(0). Suppose -3*w - w = -5*p + 3, r*w = -3*p + 24. What is the greatest common divisor of p and 15?
3
Let x be -2 + 2*(44 - (1 + -3)). Calculate the greatest common factor of x and 18.
18
Suppose 0 = 2*k - 4*k + 4. Suppose -3*j + 8 = -1. Suppose -3*d - 4*v = -54, -3*d - 23 = -4*d - j*v. What is the greatest common divisor of k and d?
2
Let a = 5 + -3. Suppose -u - a = -2*u. Let t be -1*(-5)/2*u. What is the greatest common divisor of 30 and t?
5
Suppose 2*y - 501 = -47. Suppose -w - h + 376 = 4*w, 3*w + 2*h = y. Let q = -42 + 72. Calculate the greatest common divisor of q and w.
15
Let f(i) = -3*i - 10. Let s be f(-8). Let v be 47 - 4 - (0 - -1). Calculate the highest common divisor of v and s.
14
Suppose 9*g - 6 = 8*g. Calculate the highest common divisor of 54 and g.
6
Suppose 0 = -9*a + 7*a + 192. Suppose -y = -2*o + 48, y + 3*y + a = 4*o. Suppose -5*s + 43 = -17. What is the greatest common divisor of o and s?
12
Let q = 104 + -23. Let h be (-7)/(-1) - (16 - 18). What is the greatest common divisor of h and q?
9
Suppose -49 = -2*g - 5*x, 4*g - 2*x = x + 33. What is the highest common divisor of 24 and g?
12
Suppose 4*y - 2*y + 5*p = 54, 46 = 2*y + 3*p. What is the highest common divisor of y and 51?
17
Let w = -1 - -6. Suppose 3*y - w = 7. Suppose -y*i + 23 = -5. Calculate the greatest common factor of 35 and i.
7
Suppose 0 = -4*d + 8*d - 144. Calculate the highest common factor of 18 and d.
18
Suppose 0 = 2*n + 5*l + 21, -23 = n + 3*l + 2*l. What is the greatest common factor of 10 and n?
2
Let u = 2 + 1. Let n(y) = 2*y - 5. Let b(h) = h - 4. Let o(q) = u*b(q) - 2*n(q). Let k be o(-3). Calculate the greatest common factor of k and 3.
1
Let u(r) = -r**2 + 5. Let b be u(0). What is the highest common factor of b and 20?
5
Let c be 28 + (2 - -14)/(-4). Calculate the highest common factor of 36 and c.
12
Suppose h - 2 = -3*i - 0*h, 5*i = h - 10. Let g be 0/((-2)/(0 + i)). Suppose g = 4*f, 4*f + 6 = x - 0*f. Calculate the highest common divisor of x and 4.
2
Suppose 5*i - i = 4*b + 16, -2*i - 2*b + 16 = 0. Suppose -3*m + w = 13, 2*w + 17 = -3*m + 4*w. Let d = 6 + m. Calculate the greatest common divisor of i and d.
3
Let q = 54 + -52. Calculate the highest common divisor of 46 and q.
2
Let x(t) = -2*t**3 - 5*t**2 - 5*t - 3. Let c be x(-3). Let s be 0 + -6*(-1)/2. What is the greatest common divisor of c and s?
3
Let p(z) = z + 3. Let h be p(5). Let x be (-6)/(-24) + (-11)/(-4). Let v be 10 + 12/x + -2. What is the highest common factor of v and h?
4
Let g(q) = q**2 - 9*q + 10. Let t be g(8). Let i be (-15)/(t - (-14)/(-6)). Suppose -5*h + 40 = 15. Calculate the highest common factor of i and h.
5
Let t be (-22)/(-77) - (-94)/14. Calculate the greatest common factor of 77 and t.
7
Let o be 2/8 - 766/(-8). Suppose -4*b + 0 + o = 0. Let y = 12 + 4. Calculate the greatest common divisor of y and b.
8
Let c(s) = -4*s - 3. Let b be c(-3). Calculate the highest common factor of 9 and b.
9
Suppose 3*v + 13 - 85 = 0. Let l be 3/(-2 - -5)*8. What is the greatest common divisor of l and v?
8
Suppose -200 = -3*k - 2*k. Let j = -18 + 44. Suppose -4*t + 0*l + j = 3*l, 5*t = 3*l + 46. What is the greatest common factor of k and t?
8
Suppose -203 = -4*c - 35. Calculate the highest common divisor of 7 and c.
7
Let a be (156/(-8))/(1/(-12)). Suppose 4*l = 150 + a. What is the greatest common divisor of 12 and l?
12
Let o(h) = h**2 + 3*h - 1. Let u be o(-5). Suppose -4*f + 0*f - 4 = 0. Let k(a) = 8*a**2 + 1. Let b be k(f). Calculate the greatest common divisor of b and u.
9
Let o = 0 + -3. Let r = 2 - o. Calculate the greatest common divisor of 20 and r.
5
Let c be (2 - (1 + 1))/(-1). Let z = 2 + c. Suppose -6*s + z*s = -44. What is the greatest common divisor of s and 44?
11
Suppose 0 = -4*k + 62 + 22. What is the greatest common divisor of k and 63?
21
Suppose -4*n + 134 - 70 = 0. Suppose 4*q - 5*g = 724, 3*q - 371 = 3*g + 169. Calculate the highest common divisor of q and n.
16
Let t(k) = k**3 - k**2 - 3*k - 4. Let h be t(3). Let z(g) = -g**3 + 4*g**2 + 5*g + 1. Let c be z(h). What is the greatest common factor of 7 and c?
1
Suppose -4*f - c + 952 = 111, -f = 2*c - 219. What is the highest common divisor of f and 19?
19
Suppose -4*f = -8*f + 288. Let j be 4/18 - (-2864)/f. Calculate the highest common factor of j and 5.
5
Suppose -5*h + 25 = 0, 6*y - 5*h - 2845 = y. Suppose 5*m - y = -49. What is the highest common factor of m and 15?
15
Suppose -10 = 4*v - 26. Suppose -2*z + 8 = 4*r - 9*r, 3*r = z - v. Suppose -a - z*a = -75. What is the greatest common factor of a and 3?
3
Suppose -48 = -j + 38. Suppose 3*q = 4*c + 6*q - 102, 4*c - 5*q - j = 0. What is the greatest common factor of c and 3?
3
Let c = -117 + 189. Suppose 0 = -5*o + 4 + 1, 16 = 2*h - 2*o. What is the highest common factor of h and c?
9
Let y = -35 - -99. Let n(v) = v**2 - 6*v + 1. Let h be n(7). Calculate the highest common divisor of y and h.
8
Let l(i) be the second derivative of i**5/20 - 2*i**4/3 - 2*i**3 - 5*i**2/2 - 2*i. Let b be l(10). What is the highest common divisor of 15 and b?
15
Suppose -4*y + 135 = 3*g, 3*y = 2*g + 28 + 86. Calculate the greatest common factor of 4 and y.
4
Suppose -5*q = -10, 2 = 2*w + 4*q - 10. Let v be w/(-1) + (47 - 1). Suppose -2*s - 20 = -7*s. Calculate the highest common factor of s and v.
4
Let o be ((-12)/(-12))/((-2)/(-38)). What is the greatest common divisor of o and 171?
19
Let f be (-2)/(-8) - (-7)/4. Suppose y - 2*h - 12 = -2*y, -f*y - h = -1. Suppose -1